{"id":28,"date":"2019-10-31T13:02:11","date_gmt":"2019-10-31T12:02:11","guid":{"rendered":"https:\/\/lepreduroy943671901.wordpress.com\/?page_id=28"},"modified":"2025-06-03T16:42:33","modified_gmt":"2025-06-03T14:42:33","slug":"prestations","status":"publish","type":"page","link":"https:\/\/lepreduroyecurie.fr\/?page_id=28","title":{"rendered":"Prestations"},"content":{"rendered":"\n<p class=\"has-text-align-center has-large-font-size\"><strong>PENSION<\/strong><\/p>\n\n\n\n<p class=\"has-text-align-center\"><em>Capacit\u00e9 d&rsquo;accueil totale en boxe : 3 places <\/em><br><em> Capacit\u00e9 d&rsquo;accueil totale en pr\u00e9 : 10 places <\/em><\/p>\n\n\n\n<p><\/p>\n\n\n\n<p><strong><mark style=\"background-color:rgba(0, 0, 0, 0)\" class=\"has-inline-color has-secondary-color\">La r\u00e9servation de pension se fait uniquement sur acompte de la moiti\u00e9 du premier mois de pension.<\/mark><\/strong><\/p>\n\n\n\n<p>Toutes les prestations de pension comprennent : <br>&#8211; Alimentation : foin\/herbe, compl\u00e9ments au choix du propri\u00e9taire adapt\u00e9s \u00e0 chaque \u00e9quid\u00e9 (compris dans le prix de la pension jusqu&rsquo;\u00e0 4 litres\/jour) de la marque Dynavena.<br>&#8211; Soins : mise de couvertures, bonnets \u00e0 mouches, soins courants (exemple : dermite, blessure,&#8230;).<br>&#8211; Placard de sellerie individuel.<br><br>Le bien-\u00eatre de nos pensionnaires \u00e9tant primordial, nous demandons \u00e0 ce qu&rsquo;ils b\u00e9n\u00e9ficient d&rsquo;un suivi r\u00e9gulier (mar\u00e9chal ferrant, v\u00e9t\u00e9rinaire, dentiste, ost\u00e9opathe et autres prestataires si n\u00e9cessaire), \u00e0 la charge du propri\u00e9taire. En cas d&rsquo;indisponibilit\u00e9 du propri\u00e9taire, l&rsquo;\u00e9curie se charge des rendez-vous.<br>Chaque \u00e9quid\u00e9 devra arriver \u00e0 jour de ses vaccins grippe, t\u00e9tanos, rhinopneumonie.<\/p>\n\n\n\n<p class=\"has-text-align-center\"><strong>Pension pr\u00e9 basique :<\/strong> 192 \u20ac \/ mois<\/p>\n\n\n\n<p class=\"has-text-align-center has-small-font-size\">Comprend les cours collectifs et l&rsquo;acc\u00e8s aux installations de travail.<br>Abris naturels (bosquets, arbres).<\/p>\n\n\n\n<p class=\"has-text-align-center has-normal-font-size\"><strong>Pension boxe basique :<\/strong> 300 \u20ac \/ mois<\/p>\n\n\n\n<p class=\"has-text-align-center has-small-font-size\">Liti\u00e8re sur paille.<br>Comprend les cours collectifs et l&rsquo;acc\u00e8s aux installations de travail.<br>Sortie au paddock quotidienne (minimum 8 heures pas jour, y compris dimanche et jours f\u00e9ri\u00e9s).<br><\/p>\n\n\n\n<p class=\"has-text-align-center\"><strong>Pension pr\u00e9 retraite-\u00e9levage-convalescence :<\/strong> 151 \u20ac \/ mois<\/p>\n\n\n\n<p class=\"has-text-align-center has-small-font-size\">Cette prestation ne comprend pas l&rsquo;acc\u00e8s aux installations de travail.<br><\/p>\n\n\n\n<p class=\"has-text-align-center\"><strong>Pension boxe retraite-\u00e9levage-convalescence :<\/strong> 275 \u20ac \/ mois<\/p>\n\n\n\n<p class=\"has-text-align-center has-small-font-size\">Cette prestation ne comprend pas l&rsquo;acc\u00e8s aux installations de travail.<\/p>\n\n\n<div class=\"wp-block-image\">\n<figure class=\"aligncenter size-large is-resized\"><img loading=\"lazy\" decoding=\"async\" width=\"762\" height=\"1024\" src=\"https:\/\/lepreduroyecurie.fr\/wp-content\/uploads\/2021\/05\/184616582_809009216688282_6366503591590960381_n-762x1024.jpg\" alt=\"\" class=\"wp-image-205\" style=\"width:429px;height:576px\" srcset=\"https:\/\/lepreduroyecurie.fr\/wp-content\/uploads\/2021\/05\/184616582_809009216688282_6366503591590960381_n-762x1024.jpg 762w, https:\/\/lepreduroyecurie.fr\/wp-content\/uploads\/2021\/05\/184616582_809009216688282_6366503591590960381_n-223x300.jpg 223w, https:\/\/lepreduroyecurie.fr\/wp-content\/uploads\/2021\/05\/184616582_809009216688282_6366503591590960381_n-768x1032.jpg 768w, https:\/\/lepreduroyecurie.fr\/wp-content\/uploads\/2021\/05\/184616582_809009216688282_6366503591590960381_n-1143x1536.jpg 1143w, https:\/\/lepreduroyecurie.fr\/wp-content\/uploads\/2021\/05\/184616582_809009216688282_6366503591590960381_n.jpg 1152w\" sizes=\"auto, (max-width: 762px) 100vw, 762px\" \/><\/figure>\n<\/div>\n\n\n<p class=\"has-text-align-center\"><\/p>\n\n\n\n<p class=\"has-text-align-center\"><strong>Pension boxe + :<\/strong> 350 \u20ac \/ mois<\/p>\n\n\n\n<p class=\"has-text-align-center has-small-font-size\">Liti\u00e8re sur copeaux de bois.<br>Comprend les cours collectifs et l&rsquo;acc\u00e8s aux installations de travail.<br>Sortie au paddock quotidienne (minimum 8 heures pas jour, y compris dimanche et jours f\u00e9ri\u00e9s).<\/p>\n\n\n\n<p class=\"has-text-align-center\"><strong>Pension sevrage-\u00e2ne-shetland :<\/strong> 100 \u20ac \/ mois<\/p>\n\n\n\n<p class=\"has-text-align-center has-small-font-size\">H\u00e9bergement au pr\u00e9 avec abris naturels (bosquets, arbres).<br>Cette prestation ne comprend pas l&rsquo;acc\u00e8s aux installations de travail.<\/p>\n\n\n\n<p class=\"has-text-align-center\"><strong>Pension sevrage + :<\/strong> 150 \u20ac \/ mois<br>pour \u00e9quid\u00e9 de 6 mois \u00e0 1 an<\/p>\n\n\n\n<p class=\"has-text-align-center has-small-font-size\">H\u00e9bergement au pr\u00e9 avec abris naturels (bosquets, arbres).<br>3 s\u00e9ances de manipulation comprises par semaine (marche en main, prise des membres, pansage).<\/p>\n\n\n\n<p class=\"has-text-align-center\"><strong>Pension travail :<\/strong> 240 \u20ac \/ mois<\/p>\n\n\n\n<p class=\"has-text-align-center has-small-font-size\">H\u00e9bergement au pr\u00e9 avec abris naturels (bosquets, arbres).<br>3 \u00e0 5 s\u00e9ances de travail par semaine (mont\u00e9e ou \u00e0 pied selon l&rsquo;\u00e9tat physique et physiologique de l&rsquo;\u00e9quid\u00e9).<\/p>\n\n\n\n<p class=\"has-text-align-center\"><strong>Pension d\u00e9bourrage :<\/strong> 450 \u20ac \/ mois<\/p>\n\n\n\n<p class=\"has-text-align-center has-small-font-size\">H\u00e9bergement au pr\u00e9 avec abris naturels (bosquets, arbres).<br>Programme \u00e9labor\u00e9 avec le propri\u00e9taire et adapt\u00e9 \u00e0 l&rsquo;\u00e9quid\u00e9.<br>3 \u00e0 5 s\u00e9ances de travail par semaine (\u00e9volution progressive du travail \u00e0 pied vers le travail mont\u00e9 aux trois allures).<br>Nous attirons votre attirons votre attention sur le fait que les chevaux sont des \u00eatres vivants dot\u00e9s d&rsquo;une sensibilit\u00e9 propre \u00e0 chacun d&rsquo;eux. Par cons\u00e9quent, le temps de d\u00e9bourrage peut varier et ne sera en aucun cas pr\u00e9cipit\u00e9.<\/p>\n\n\n\n<p class=\"has-text-align-center\"><strong>Pension d\u00e9bourrage Shetland :<\/strong> 350 \u20ac \/ mois<\/p>\n\n\n\n<p class=\"has-text-align-center has-small-font-size\">Idem pension d\u00e9bourrage classique.<\/p>\n\n\n\n<div class=\"wp-block-columns is-layout-flex wp-container-core-columns-is-layout-9d6595d7 wp-block-columns-is-layout-flex\">\n<div class=\"wp-block-column is-vertically-aligned-center is-layout-flow wp-block-column-is-layout-flow\">\n<figure class=\"wp-block-gallery has-nested-images columns-default is-cropped wp-block-gallery-1 is-layout-flex wp-block-gallery-is-layout-flex\">\n<figure class=\"wp-block-image size-large\"><img loading=\"lazy\" decoding=\"async\" width=\"1024\" height=\"768\" data-id=\"296\" src=\"https:\/\/lepreduroyecurie.fr\/wp-content\/uploads\/2022\/01\/195364032_553661315792112_8960020055554708539_n-1024x768.jpg\" alt=\"\" class=\"wp-image-296\" srcset=\"https:\/\/lepreduroyecurie.fr\/wp-content\/uploads\/2022\/01\/195364032_553661315792112_8960020055554708539_n-1024x768.jpg 1024w, https:\/\/lepreduroyecurie.fr\/wp-content\/uploads\/2022\/01\/195364032_553661315792112_8960020055554708539_n-300x225.jpg 300w, https:\/\/lepreduroyecurie.fr\/wp-content\/uploads\/2022\/01\/195364032_553661315792112_8960020055554708539_n-768x576.jpg 768w, https:\/\/lepreduroyecurie.fr\/wp-content\/uploads\/2022\/01\/195364032_553661315792112_8960020055554708539_n-1536x1152.jpg 1536w, https:\/\/lepreduroyecurie.fr\/wp-content\/uploads\/2022\/01\/195364032_553661315792112_8960020055554708539_n-1568x1176.jpg 1568w, https:\/\/lepreduroyecurie.fr\/wp-content\/uploads\/2022\/01\/195364032_553661315792112_8960020055554708539_n.jpg 2048w\" sizes=\"auto, (max-width: 1024px) 100vw, 1024px\" \/><\/figure>\n\n\n\n<figure class=\"wp-block-image size-large\"><img loading=\"lazy\" decoding=\"async\" width=\"1024\" height=\"1024\" data-id=\"208\" src=\"https:\/\/lepreduroyecurie.fr\/wp-content\/uploads\/2021\/05\/184685965_1149392788820583_676257711737701712_n-1024x1024.jpg\" alt=\"\" class=\"wp-image-208\" srcset=\"https:\/\/lepreduroyecurie.fr\/wp-content\/uploads\/2021\/05\/184685965_1149392788820583_676257711737701712_n-1024x1024.jpg 1024w, https:\/\/lepreduroyecurie.fr\/wp-content\/uploads\/2021\/05\/184685965_1149392788820583_676257711737701712_n-300x300.jpg 300w, https:\/\/lepreduroyecurie.fr\/wp-content\/uploads\/2021\/05\/184685965_1149392788820583_676257711737701712_n-150x150.jpg 150w, https:\/\/lepreduroyecurie.fr\/wp-content\/uploads\/2021\/05\/184685965_1149392788820583_676257711737701712_n-768x768.jpg 768w, https:\/\/lepreduroyecurie.fr\/wp-content\/uploads\/2021\/05\/184685965_1149392788820583_676257711737701712_n-1536x1536.jpg 1536w, https:\/\/lepreduroyecurie.fr\/wp-content\/uploads\/2021\/05\/184685965_1149392788820583_676257711737701712_n-1568x1568.jpg 1568w, https:\/\/lepreduroyecurie.fr\/wp-content\/uploads\/2021\/05\/184685965_1149392788820583_676257711737701712_n.jpg 1935w\" sizes=\"auto, (max-width: 1024px) 100vw, 1024px\" \/><\/figure>\n<\/figure>\n<\/div>\n<\/div>\n\n\n\n<p class=\"has-text-align-center has-large-font-size\"><\/p>\n\n\n\n<div class=\"wp-block-columns is-layout-flex wp-container-core-columns-is-layout-9d6595d7 wp-block-columns-is-layout-flex\">\n<div class=\"wp-block-column is-layout-flow wp-block-column-is-layout-flow\">\n<figure class=\"wp-block-image size-large\"><img loading=\"lazy\" decoding=\"async\" width=\"720\" height=\"720\" src=\"https:\/\/lepreduroyecurie.fr\/wp-content\/uploads\/2021\/05\/190383696_3133108826975539_1787659171609122297_n-edited.jpg\" alt=\"\" class=\"wp-image-254\" srcset=\"https:\/\/lepreduroyecurie.fr\/wp-content\/uploads\/2021\/05\/190383696_3133108826975539_1787659171609122297_n-edited.jpg 720w, https:\/\/lepreduroyecurie.fr\/wp-content\/uploads\/2021\/05\/190383696_3133108826975539_1787659171609122297_n-edited-300x300.jpg 300w, https:\/\/lepreduroyecurie.fr\/wp-content\/uploads\/2021\/05\/190383696_3133108826975539_1787659171609122297_n-edited-150x150.jpg 150w\" sizes=\"auto, (max-width: 720px) 100vw, 720px\" \/><\/figure>\n<\/div>\n\n\n\n<div class=\"wp-block-column is-layout-flow wp-block-column-is-layout-flow\">\n<figure class=\"wp-block-image size-large\"><img loading=\"lazy\" decoding=\"async\" width=\"724\" height=\"720\" src=\"https:\/\/lepreduroyecurie.fr\/wp-content\/uploads\/2021\/05\/121724511_10221031439953386_3874237295674456732_n.jpg\" alt=\"\" class=\"wp-image-253\" srcset=\"https:\/\/lepreduroyecurie.fr\/wp-content\/uploads\/2021\/05\/121724511_10221031439953386_3874237295674456732_n.jpg 724w, https:\/\/lepreduroyecurie.fr\/wp-content\/uploads\/2021\/05\/121724511_10221031439953386_3874237295674456732_n-300x298.jpg 300w, https:\/\/lepreduroyecurie.fr\/wp-content\/uploads\/2021\/05\/121724511_10221031439953386_3874237295674456732_n-150x150.jpg 150w\" sizes=\"auto, (max-width: 724px) 100vw, 724px\" \/><\/figure>\n<\/div>\n<\/div>\n","protected":false},"excerpt":{"rendered":"<p>PENSION Capacit\u00e9 d&rsquo;accueil totale en boxe : 3 places Capacit\u00e9 d&rsquo;accueil totale en pr\u00e9 : 10 places La r\u00e9servation de pension se fait uniquement sur acompte de la moiti\u00e9 du premier mois de pension. Toutes les prestations de pension comprennent : &#8211; Alimentation : foin\/herbe, compl\u00e9ments au choix du propri\u00e9taire adapt\u00e9s \u00e0 chaque \u00e9quid\u00e9 (compris<a class=\"more-link\" href=\"https:\/\/lepreduroyecurie.fr\/?page_id=28\">Lire la suite <span class=\"screen-reader-text\">\u00ab\u00a0Prestations\u00a0\u00bb<\/span><\/a><\/p>\n","protected":false},"author":1,"featured_media":0,"parent":0,"menu_order":0,"comment_status":"closed","ping_status":"closed","template":"","meta":{"footnotes":""},"class_list":["post-28","page","type-page","status-publish","hentry","entry"],"_links":{"self":[{"href":"https:\/\/lepreduroyecurie.fr\/index.php?rest_route=\/wp\/v2\/pages\/28","targetHints":{"allow":["GET"]}}],"collection":[{"href":"https:\/\/lepreduroyecurie.fr\/index.php?rest_route=\/wp\/v2\/pages"}],"about":[{"href":"https:\/\/lepreduroyecurie.fr\/index.php?rest_route=\/wp\/v2\/types\/page"}],"author":[{"embeddable":true,"href":"https:\/\/lepreduroyecurie.fr\/index.php?rest_route=\/wp\/v2\/users\/1"}],"replies":[{"embeddable":true,"href":"https:\/\/lepreduroyecurie.fr\/index.php?rest_route=%2Fwp%2Fv2%2Fcomments&post=28"}],"version-history":[{"count":47,"href":"https:\/\/lepreduroyecurie.fr\/index.php?rest_route=\/wp\/v2\/pages\/28\/revisions"}],"predecessor-version":[{"id":374,"href":"https:\/\/lepreduroyecurie.fr\/index.php?rest_route=\/wp\/v2\/pages\/28\/revisions\/374"}],"wp:attachment":[{"href":"https:\/\/lepreduroyecurie.fr\/index.php?rest_route=%2Fwp%2Fv2%2Fmedia&parent=28"}],"curies":[{"name":"wp","href":"https:\/\/api.w.org\/{rel}","templated":true}]}}