{"id":317,"date":"2024-01-24T11:05:27","date_gmt":"2024-01-24T10:05:27","guid":{"rendered":"https:\/\/lepreduroyecurie.fr\/?page_id=317"},"modified":"2024-05-05T18:35:40","modified_gmt":"2024-05-05T16:35:40","slug":"nos-chevaux-delevage","status":"publish","type":"page","link":"https:\/\/lepreduroyecurie.fr\/?page_id=317","title":{"rendered":"Nos chevaux d&rsquo;\u00e9levage"},"content":{"rendered":"\n<p class=\"has-text-align-center has-huge-font-size\"><strong>Nos chevaux d&rsquo;\u00e9levage<\/strong><\/p>\n\n\n\n<figure class=\"wp-block-image size-large\"><img loading=\"lazy\" decoding=\"async\" width=\"768\" height=\"1024\" src=\"https:\/\/lepreduroyecurie.fr\/wp-content\/uploads\/2024\/01\/415481212_754895709344095_2165163874178451244_n-768x1024.jpg\" alt=\"\" class=\"wp-image-324\" srcset=\"https:\/\/lepreduroyecurie.fr\/wp-content\/uploads\/2024\/01\/415481212_754895709344095_2165163874178451244_n-768x1024.jpg 768w, https:\/\/lepreduroyecurie.fr\/wp-content\/uploads\/2024\/01\/415481212_754895709344095_2165163874178451244_n-225x300.jpg 225w, https:\/\/lepreduroyecurie.fr\/wp-content\/uploads\/2024\/01\/415481212_754895709344095_2165163874178451244_n-1152x1536.jpg 1152w, https:\/\/lepreduroyecurie.fr\/wp-content\/uploads\/2024\/01\/415481212_754895709344095_2165163874178451244_n.jpg 1530w\" sizes=\"auto, (max-width: 768px) 100vw, 768px\" \/><\/figure>\n\n\n\n<p><strong>Angela<\/strong> : ONC (type PS argentin) Ancienne jument de polo r\u00e9form\u00e9e suite \u00e0 une blessure (pas naviculaire, radios effectu\u00e9es). Angela est une jument sensible mais avec un bon mental, respectueuse de l&rsquo;homme, facile \u00e0 manipuler, facile \u00e0 int\u00e9grer en troupeau mais conserve tout de m\u00eame du sang.<\/p>\n\n\n\n<p><\/p>\n\n\n\n<figure class=\"wp-block-gallery has-nested-images columns-default is-cropped wp-block-gallery-1 is-layout-flex wp-block-gallery-is-layout-flex\">\n<figure class=\"wp-block-image size-large\"><img loading=\"lazy\" decoding=\"async\" width=\"768\" height=\"1024\" data-id=\"352\" src=\"https:\/\/lepreduroyecurie.fr\/wp-content\/uploads\/2024\/05\/8399f33d-a111-48e6-93f9-b5a0828844a1-1-768x1024.jpeg\" alt=\"\" class=\"wp-image-352\" srcset=\"https:\/\/lepreduroyecurie.fr\/wp-content\/uploads\/2024\/05\/8399f33d-a111-48e6-93f9-b5a0828844a1-1-768x1024.jpeg 768w, https:\/\/lepreduroyecurie.fr\/wp-content\/uploads\/2024\/05\/8399f33d-a111-48e6-93f9-b5a0828844a1-1-225x300.jpeg 225w, https:\/\/lepreduroyecurie.fr\/wp-content\/uploads\/2024\/05\/8399f33d-a111-48e6-93f9-b5a0828844a1-1-1152x1536.jpeg 1152w, https:\/\/lepreduroyecurie.fr\/wp-content\/uploads\/2024\/05\/8399f33d-a111-48e6-93f9-b5a0828844a1-1.jpeg 1530w\" sizes=\"auto, (max-width: 768px) 100vw, 768px\" \/><\/figure>\n\n\n\n<figure class=\"wp-block-image size-large\"><img loading=\"lazy\" decoding=\"async\" width=\"768\" height=\"1024\" data-id=\"354\" src=\"https:\/\/lepreduroyecurie.fr\/wp-content\/uploads\/2024\/05\/43e343e2-8b6f-4ece-9aa2-15b3b0f52b1a-1-768x1024.jpeg\" alt=\"\" class=\"wp-image-354\" srcset=\"https:\/\/lepreduroyecurie.fr\/wp-content\/uploads\/2024\/05\/43e343e2-8b6f-4ece-9aa2-15b3b0f52b1a-1-768x1024.jpeg 768w, https:\/\/lepreduroyecurie.fr\/wp-content\/uploads\/2024\/05\/43e343e2-8b6f-4ece-9aa2-15b3b0f52b1a-1-225x300.jpeg 225w, https:\/\/lepreduroyecurie.fr\/wp-content\/uploads\/2024\/05\/43e343e2-8b6f-4ece-9aa2-15b3b0f52b1a-1-1152x1536.jpeg 1152w, https:\/\/lepreduroyecurie.fr\/wp-content\/uploads\/2024\/05\/43e343e2-8b6f-4ece-9aa2-15b3b0f52b1a-1.jpeg 1530w\" sizes=\"auto, (max-width: 768px) 100vw, 768px\" \/><\/figure>\n\n\n\n<figure class=\"wp-block-image size-large\"><img loading=\"lazy\" decoding=\"async\" width=\"768\" height=\"1024\" data-id=\"353\" src=\"https:\/\/lepreduroyecurie.fr\/wp-content\/uploads\/2024\/05\/7bbf330c-09db-4996-93a0-70d6fd12c654-1-768x1024.jpeg\" alt=\"\" class=\"wp-image-353\" srcset=\"https:\/\/lepreduroyecurie.fr\/wp-content\/uploads\/2024\/05\/7bbf330c-09db-4996-93a0-70d6fd12c654-1-768x1024.jpeg 768w, https:\/\/lepreduroyecurie.fr\/wp-content\/uploads\/2024\/05\/7bbf330c-09db-4996-93a0-70d6fd12c654-1-225x300.jpeg 225w, https:\/\/lepreduroyecurie.fr\/wp-content\/uploads\/2024\/05\/7bbf330c-09db-4996-93a0-70d6fd12c654-1-1152x1536.jpeg 1152w, https:\/\/lepreduroyecurie.fr\/wp-content\/uploads\/2024\/05\/7bbf330c-09db-4996-93a0-70d6fd12c654-1.jpeg 1530w\" sizes=\"auto, (max-width: 768px) 100vw, 768px\" \/><\/figure>\n<\/figure>\n\n\n\n<p><strong>Crazylove<\/strong> : issue d&rsquo;une m\u00e8re aux origines am\u00e9ricaines et d&rsquo;un p\u00e8re lusitanien, crazy et l&rsquo;une de nos poulini\u00e8res 2024\/2025. Jument \u00e9lite loisir sortie en dressage (amateur 3B) avant de se lancer dans une carri\u00e8re de poulini\u00e8re. Crazy a un caract\u00e8re bien tremp\u00e9 mais poss\u00e8de tout de m\u00eame une sensibilit\u00e9 tr\u00e8s int\u00e9ressante dans le travail. De robe champagne, qu&rsquo;est ce que la jolie blonde va t-elle bien pouvoir nous confectionner pour 2025 ?!<\/p>\n","protected":false},"excerpt":{"rendered":"<p>Nos chevaux d&rsquo;\u00e9levage Angela : ONC (type PS argentin) Ancienne jument de polo r\u00e9form\u00e9e suite \u00e0 une blessure (pas naviculaire, radios effectu\u00e9es). Angela est une jument sensible mais avec un bon mental, respectueuse de l&rsquo;homme, facile \u00e0 manipuler, facile \u00e0 int\u00e9grer en troupeau mais conserve tout de m\u00eame du sang. Crazylove : issue d&rsquo;une m\u00e8re<a class=\"more-link\" href=\"https:\/\/lepreduroyecurie.fr\/?page_id=317\">Lire la suite <span class=\"screen-reader-text\">\u00ab\u00a0Nos chevaux d&rsquo;\u00e9levage\u00a0\u00bb<\/span><\/a><\/p>\n","protected":false},"author":1,"featured_media":0,"parent":0,"menu_order":0,"comment_status":"closed","ping_status":"closed","template":"","meta":{"footnotes":""},"class_list":["post-317","page","type-page","status-publish","hentry","entry"],"_links":{"self":[{"href":"https:\/\/lepreduroyecurie.fr\/index.php?rest_route=\/wp\/v2\/pages\/317","targetHints":{"allow":["GET"]}}],"collection":[{"href":"https:\/\/lepreduroyecurie.fr\/index.php?rest_route=\/wp\/v2\/pages"}],"about":[{"href":"https:\/\/lepreduroyecurie.fr\/index.php?rest_route=\/wp\/v2\/types\/page"}],"author":[{"embeddable":true,"href":"https:\/\/lepreduroyecurie.fr\/index.php?rest_route=\/wp\/v2\/users\/1"}],"replies":[{"embeddable":true,"href":"https:\/\/lepreduroyecurie.fr\/index.php?rest_route=%2Fwp%2Fv2%2Fcomments&post=317"}],"version-history":[{"count":7,"href":"https:\/\/lepreduroyecurie.fr\/index.php?rest_route=\/wp\/v2\/pages\/317\/revisions"}],"predecessor-version":[{"id":356,"href":"https:\/\/lepreduroyecurie.fr\/index.php?rest_route=\/wp\/v2\/pages\/317\/revisions\/356"}],"wp:attachment":[{"href":"https:\/\/lepreduroyecurie.fr\/index.php?rest_route=%2Fwp%2Fv2%2Fmedia&parent=317"}],"curies":[{"name":"wp","href":"https:\/\/api.w.org\/{rel}","templated":true}]}}