{"id":330,"date":"2024-01-24T11:13:48","date_gmt":"2024-01-24T10:13:48","guid":{"rendered":"https:\/\/lepreduroyecurie.fr\/?page_id=330"},"modified":"2025-03-04T16:39:50","modified_gmt":"2025-03-04T15:39:50","slug":"elevage","status":"publish","type":"page","link":"https:\/\/lepreduroyecurie.fr\/?page_id=330","title":{"rendered":"Elevage"},"content":{"rendered":"\n<p class=\"has-text-align-center has-huge-font-size\"><strong>Elevage<\/strong><\/p>\n\n\n\n<p>Nous ne faisons na\u00eetre qu&rsquo;en New Forest et New Forest de croisement. Elevage \u00e0 tr\u00e8s petite \u00e9chelle, nos juments n&rsquo;encha\u00eenent pas les naissances \u00e0 la suite, nous ne sommes pas non plus \u00ab\u00a0press\u00e9s\u00a0\u00bb de vendre nos poulains, ils ne partent pas avant l&rsquo;\u00e2ge de 8 mois, manipul\u00e9s, \u00e0 jour de vaccins et parages. Nous ne s\u00e9lectionnons que des \u00e9talons NF.<\/p>\n\n\n\n<figure class=\"wp-block-gallery has-nested-images columns-default is-cropped wp-block-gallery-1 is-layout-flex wp-block-gallery-is-layout-flex\">\n<figure class=\"wp-block-image size-large\"><img loading=\"lazy\" decoding=\"async\" width=\"1536\" height=\"2048\" data-id=\"366\" src=\"https:\/\/lepreduroyecurie.fr\/wp-content\/uploads\/2025\/03\/473824127_1407621547257812_5310704345873947375_n.jpg\" alt=\"\" class=\"wp-image-366\"\/><\/figure>\n\n\n\n<figure class=\"wp-block-image size-large\"><img loading=\"lazy\" decoding=\"async\" width=\"1080\" height=\"1244\" data-id=\"364\" src=\"https:\/\/lepreduroyecurie.fr\/wp-content\/uploads\/2025\/03\/473237360_1407621323924501_2045274649634761304_n.jpg\" alt=\"\" class=\"wp-image-364\"\/><\/figure>\n\n\n\n<figure class=\"wp-block-image size-large\"><img loading=\"lazy\" decoding=\"async\" width=\"1080\" height=\"1350\" data-id=\"365\" src=\"https:\/\/lepreduroyecurie.fr\/wp-content\/uploads\/2025\/03\/473428772_1407621270591173_6730046197588768522_n.jpg\" alt=\"\" class=\"wp-image-365\"\/><\/figure>\n\n\n\n<figure class=\"wp-block-image size-large\"><img loading=\"lazy\" decoding=\"async\" width=\"1080\" height=\"1350\" data-id=\"368\" src=\"https:\/\/lepreduroyecurie.fr\/wp-content\/uploads\/2025\/03\/473695892_1407621227257844_1080377956381199211_n.jpg\" alt=\"\" class=\"wp-image-368\"\/><\/figure>\n\n\n\n<figure class=\"wp-block-image size-large\"><img loading=\"lazy\" decoding=\"async\" width=\"1116\" height=\"2048\" data-id=\"367\" src=\"https:\/\/lepreduroyecurie.fr\/wp-content\/uploads\/2025\/03\/473887359_1407621530591147_3854432409359992757_n.jpg\" alt=\"\" class=\"wp-image-367\"\/><\/figure>\n\n\n\n\n\n<figure class=\"wp-block-image size-large\"><img loading=\"lazy\" decoding=\"async\" width=\"752\" height=\"1020\" data-id=\"369\" src=\"https:\/\/lepreduroyecurie.fr\/wp-content\/uploads\/2025\/03\/473316038_1407621143924519_3070305096059873442_n.jpg\" alt=\"\" class=\"wp-image-369\"\/><\/figure>\n<\/figure>\n\n\n\n<p>A VENDRE:<\/p>\n\n\n\n<p><img loading=\"lazy\" decoding=\"async\" height=\"16\" width=\"16\" alt=\"\ud83d\udccd\" src=\"https:\/\/static.xx.fbcdn.net\/images\/emoji.php\/v9\/t2d\/1\/16\/1f4cd.png\"> Orient express du PDR<\/p>\n\n\n\n<p><img loading=\"lazy\" decoding=\"async\" height=\"16\" width=\"16\" alt=\"\ud83d\udccd\" src=\"https:\/\/static.xx.fbcdn.net\/images\/emoji.php\/v9\/t2d\/1\/16\/1f4cd.png\"> New-forest de croisement par Sulaatiks Versage et Angela des Crins ONC<\/p>\n\n\n\n<p><img loading=\"lazy\" decoding=\"async\" height=\"16\" width=\"16\" alt=\"\ud83d\udccd\" src=\"https:\/\/static.xx.fbcdn.net\/images\/emoji.php\/v9\/t2d\/1\/16\/1f4cd.png\"><a><\/a>10 mois (n\u00e9 le 16 avril 2024)<\/p>\n\n\n\n<p><img loading=\"lazy\" decoding=\"async\" height=\"16\" width=\"16\" alt=\"\ud83d\udccd\" src=\"https:\/\/static.xx.fbcdn.net\/images\/emoji.php\/v9\/t2d\/1\/16\/1f4cd.png\"> Toisera ~ 1m50<\/p>\n\n\n\n<p><img loading=\"lazy\" decoding=\"async\" height=\"16\" width=\"16\" alt=\"\ud83d\udccd\" src=\"https:\/\/static.xx.fbcdn.net\/images\/emoji.php\/v9\/t2d\/1\/16\/1f4cd.png\"> A jour vermifuges, vaccins TG + Rhino<\/p>\n\n\n\n<p>Sa m\u00e8re:<\/p>\n\n\n\n<p><a href=\"https:\/\/lepreduroyecurie.fr\/?page_id=317\" data-type=\"page\" data-id=\"317\">Angela<\/a> typ\u00e9e PS argentin, 1m56, respectueuse, sensible et profond\u00e9ment gentille. Ancienne jument de Polo elle transmet son doux caract\u00e8re et un peu de sang.<\/p>\n\n\n\n<p>Son p\u00e8re: Sulaatiks Versage<\/p>\n\n\n\n<p>DRESSAGE : IDR 86 (0.31)* (2008)<\/p>\n\n\n\n<p>PONEY DRESSAGE : IPD 106 (0.55) (2008)<\/p>\n\n\n\n<p>Qualification finale cycle classique jeunes poneys \u00e0 6 ans<\/p>\n\n\n\n<p>PONEY OBSTACLE : IPO 93 (0.59) (2008)<\/p>\n\n\n\n<p>SAUT D&rsquo;OBSTACLES : ISO 88 (0.70) (2011)<\/p>\n\n\n\n<p>Orient est un poulain \u00e9l\u00e9gant, facile, poss\u00e8de de belles allures, un brin sensible mais profond\u00e9ment gentil et proche de l&rsquo;homme avec du respect.<\/p>\n\n\n\n<p>Habitu\u00e9 \u00e0 vivre dehors, conna\u00eet tr\u00e8s bien le box, rustique, conna\u00eet le van, tiens \u00e0 l&rsquo;attache, pans\u00e9.<\/p>\n\n\n\n<p>Il a \u00e9t\u00e9 sevr\u00e9 progressivement.<\/p>\n\n\n\n<p>Id\u00e9al pour petit amateur id\u00e9alement dressage.<\/p>\n\n\n\n<p>Possibilit\u00e9 de le laisser en pension sur place avec une joyeuse \u00e9quipe bienveillante.<\/p>\n\n\n\n<p>2800\u20ac TTC.<\/p>\n\n\n\n<p><\/p>\n","protected":false},"excerpt":{"rendered":"<p>Elevage Nous ne faisons na\u00eetre qu&rsquo;en New Forest et New Forest de croisement. Elevage \u00e0 tr\u00e8s petite \u00e9chelle, nos juments n&rsquo;encha\u00eenent pas les naissances \u00e0 la suite, nous ne sommes pas non plus \u00ab\u00a0press\u00e9s\u00a0\u00bb de vendre nos poulains, ils ne partent pas avant l&rsquo;\u00e2ge de 8 mois, manipul\u00e9s, \u00e0 jour de vaccins et parages. Nous<a class=\"more-link\" href=\"https:\/\/lepreduroyecurie.fr\/?page_id=330\">Lire la suite <span class=\"screen-reader-text\">\u00ab\u00a0Elevage\u00a0\u00bb<\/span><\/a><\/p>\n","protected":false},"author":1,"featured_media":0,"parent":0,"menu_order":0,"comment_status":"closed","ping_status":"closed","template":"","meta":{"footnotes":""},"class_list":["post-330","page","type-page","status-publish","hentry","entry"],"_links":{"self":[{"href":"https:\/\/lepreduroyecurie.fr\/index.php?rest_route=\/wp\/v2\/pages\/330","targetHints":{"allow":["GET"]}}],"collection":[{"href":"https:\/\/lepreduroyecurie.fr\/index.php?rest_route=\/wp\/v2\/pages"}],"about":[{"href":"https:\/\/lepreduroyecurie.fr\/index.php?rest_route=\/wp\/v2\/types\/page"}],"author":[{"embeddable":true,"href":"https:\/\/lepreduroyecurie.fr\/index.php?rest_route=\/wp\/v2\/users\/1"}],"replies":[{"embeddable":true,"href":"https:\/\/lepreduroyecurie.fr\/index.php?rest_route=%2Fwp%2Fv2%2Fcomments&post=330"}],"version-history":[{"count":7,"href":"https:\/\/lepreduroyecurie.fr\/index.php?rest_route=\/wp\/v2\/pages\/330\/revisions"}],"predecessor-version":[{"id":371,"href":"https:\/\/lepreduroyecurie.fr\/index.php?rest_route=\/wp\/v2\/pages\/330\/revisions\/371"}],"wp:attachment":[{"href":"https:\/\/lepreduroyecurie.fr\/index.php?rest_route=%2Fwp%2Fv2%2Fmedia&parent=330"}],"curies":[{"name":"wp","href":"https:\/\/api.w.org\/{rel}","templated":true}]}}